{"id":3116,"date":"2026-08-15T22:00:18","date_gmt":"2026-08-15T21:00:18","guid":{"rendered":"https:\/\/tensamba.com\/artistas-apt\/11-nov-marcio-faraco-blue-jazz-club-hotel-saratoga-mallorca\/"},"modified":"2026-08-31T23:55:08","modified_gmt":"2026-08-31T22:55:08","slug":"11-nov-marcio-faraco-blue-jazz-club-hotel-saratoga-mallorca","status":"publish","type":"artistas","link":"https:\/\/tensamba.com\/pt-br\/artistas-apt\/11-nov-marcio-faraco-blue-jazz-club-hotel-saratoga-mallorca\/","title":{"rendered":"11 NOV-M\u00c1RCIO FARACO-BLUE JAZZ CLUB (HOTEL SARATOGA)-MALLORCA"},"content":{"rendered":"<p class=\"isSelectedEnd\"><strong>CONCERTO<\/strong><br \/>\n11 de novembro de 2026 \u00b7 22h00<br \/>\nBlue Jazz Club (Hotel Saratoga), Palma, Mallorca<br \/>\nIngressos: <a href=\"https:\/\/www.musticket.com\/es\/events\/marcio-faraco-en-directo\">Musticket<\/a><\/p>\n<p>M\u00e1rcio Faraco \u00e9 cantor, violonista e compositor brasileiro, radicado na Europa desde 1992. Desde o lan\u00e7amento de <em>Ciranda<\/em>, que contou com a participa\u00e7\u00e3o de Chico Buarque, construiu uma carreira internacional marcada por uma voz suave, um viol\u00e3o sutil e can\u00e7\u00f5es que transitam entre a MPB, o samba, a bossa nova e o jazz. No ambiente intimista do Blue Jazz Club, apresenta um concerto centrado na eleg\u00e2ncia mel\u00f3dica, na poesia e na proximidade com o p\u00fablico.<\/p>\n<p><iframe loading=\"lazy\" title=\"M\u00e1rcio FARACO - &quot;Cajueiro&quot; guitare\/voix\" width=\"500\" height=\"281\" src=\"https:\/\/www.youtube.com\/embed\/vdaF8lm3LOA?feature=oembed\" frameborder=\"0\" allow=\"accelerometer; autoplay; clipboard-write; encrypted-media; gyroscope; picture-in-picture; web-share\" referrerpolicy=\"strict-origin-when-cross-origin\" allowfullscreen><\/iframe><\/p>\n","protected":false},"featured_media":3114,"template":"page-templates\/single-artista.php","class_list":["post-3116","artistas","type-artistas","status-publish","has-post-thumbnail","entry"],"_links":{"self":[{"href":"https:\/\/tensamba.com\/pt-br\/wp-json\/wp\/v2\/artistas\/3116","targetHints":{"allow":["GET"]}}],"collection":[{"href":"https:\/\/tensamba.com\/pt-br\/wp-json\/wp\/v2\/artistas"}],"about":[{"href":"https:\/\/tensamba.com\/pt-br\/wp-json\/wp\/v2\/types\/artistas"}],"wp:featuredmedia":[{"embeddable":true,"href":"https:\/\/tensamba.com\/pt-br\/wp-json\/wp\/v2\/media\/3114"}],"wp:attachment":[{"href":"https:\/\/tensamba.com\/pt-br\/wp-json\/wp\/v2\/media?parent=3116"}],"curies":[{"name":"wp","href":"https:\/\/api.w.org\/{rel}","templated":true}]}}

11 NOV-MÁRCIO FARACO-BLUE JAZZ CLUB (HOTEL SARATOGA)-MALLORCA

<p class="isSelectedEnd"><strong>CONCERTO</strong><br />
11 de novembro de 2026 · 22h00<br />
Blue Jazz Club (Hotel Saratoga), Palma, Mallorca<br />
Ingressos: <a href="https://www.musticket.com/es/events/marcio-faraco-en-directo">Musticket</a></p>
<p>Márcio Faraco é cantor, violonista e compositor brasileiro, radicado na Europa desde 1992. Desde o lançamento de <em>Ciranda</em>, que contou com a participação de Chico Buarque, construiu uma carreira internacional marcada por uma voz suave, um violão sutil e canções que transitam entre a MPB, o samba, a bossa nova e o jazz. No ambiente intimista do Blue Jazz Club, apresenta um concerto centrado na elegância melódica, na poesia e na proximidade com o público.</p>
<p><iframe loading="lazy" title="Márcio FARACO - &quot;Cajueiro&quot; guitare/voix" width="500" height="281" src="https://www.youtube.com/embed/vdaF8lm3LOA?feature=oembed" frameborder="0" allow="accelerometer; autoplay; clipboard-write; encrypted-media; gyroscope; picture-in-picture; web-share" referrerpolicy="strict-origin-when-cross-origin" allowfullscreen></iframe></p>
