{"id":3104,"date":"2026-08-17T01:01:12","date_gmt":"2026-08-17T00:01:12","guid":{"rendered":"https:\/\/tensamba.com\/artistas-apt\/12-sep-mirla-riomar-acoustic-trio-teatro-pral-inca-mallorca\/"},"modified":"2026-08-31T23:30:56","modified_gmt":"2026-08-31T22:30:56","slug":"12-sep-mirla-riomar-acoustic-trio-teatro-pral-inca-mallorca","status":"publish","type":"artistas","link":"https:\/\/tensamba.com\/pt-br\/artistas-apt\/12-sep-mirla-riomar-acoustic-trio-teatro-pral-inca-mallorca\/","title":{"rendered":"12 SEP-MIRLA RIOMAR ACOUSTIC TRIO-TEATRO PRAL. INCA-MALLORCA"},"content":{"rendered":"<p class=\"isSelectedEnd\"><strong>CONCERTO<\/strong><br \/>\n12 de setembro de 2026 \u00b7 20h00<br \/>\nTeatro Principal de Inca, Inca, Mallorca<br \/>\nIngressos: <a href=\"https:\/\/teatreprincipalinca.com\/es\/evento\/860\/mirla-riomar-trio-festival-tensamba-2026\/\">Teatro Principal de Inca<\/a><\/p>\n<p>Nascida em Salvador da Bahia e radicada em Barcelona, Mirla Riomar afirma um Brasil afrodescendente e popular, distante dos estere\u00f3tipos. Ao lado de Marcel Vall\u00e8s, no viol\u00e3o, e Tony Cruz, no contrabaixo, apresenta um formato ac\u00fastico em que sua voz e percuss\u00e3o aproximam o samba de roda, o ijex\u00e1 e o forr\u00f3 do jazz, do soul e das sonoridades contempor\u00e2neas. Um concerto caloroso, pr\u00f3ximo e cheio de energia.<\/p>\n<p><iframe loading=\"lazy\" title=\"Tr\u00edo Ac\u00fastico para Eventos en Barcelona | Bossa Nova &amp; Latin Jazz (Promo Teaser)\" width=\"500\" height=\"281\" src=\"https:\/\/www.youtube.com\/embed\/TjVq0YSSteI?feature=oembed\" frameborder=\"0\" allow=\"accelerometer; autoplay; clipboard-write; encrypted-media; gyroscope; picture-in-picture; web-share\" referrerpolicy=\"strict-origin-when-cross-origin\" allowfullscreen><\/iframe><\/p>\n","protected":false},"featured_media":3102,"template":"page-templates\/single-artista.php","class_list":["post-3104","artistas","type-artistas","status-publish","has-post-thumbnail","entry"],"_links":{"self":[{"href":"https:\/\/tensamba.com\/pt-br\/wp-json\/wp\/v2\/artistas\/3104","targetHints":{"allow":["GET"]}}],"collection":[{"href":"https:\/\/tensamba.com\/pt-br\/wp-json\/wp\/v2\/artistas"}],"about":[{"href":"https:\/\/tensamba.com\/pt-br\/wp-json\/wp\/v2\/types\/artistas"}],"wp:featuredmedia":[{"embeddable":true,"href":"https:\/\/tensamba.com\/pt-br\/wp-json\/wp\/v2\/media\/3102"}],"wp:attachment":[{"href":"https:\/\/tensamba.com\/pt-br\/wp-json\/wp\/v2\/media?parent=3104"}],"curies":[{"name":"wp","href":"https:\/\/api.w.org\/{rel}","templated":true}]}}

<p class="isSelectedEnd"><strong>CONCERTO</strong><br />
12 de setembro de 2026 · 20h00<br />
Teatro Principal de Inca, Inca, Mallorca<br />
Ingressos: <a href="https://teatreprincipalinca.com/es/evento/860/mirla-riomar-trio-festival-tensamba-2026/">Teatro Principal de Inca</a></p>
<p>Nascida em Salvador da Bahia e radicada em Barcelona, Mirla Riomar afirma um Brasil afrodescendente e popular, distante dos estereótipos. Ao lado de Marcel Vallès, no violão, e Tony Cruz, no contrabaixo, apresenta um formato acústico em que sua voz e percussão aproximam o samba de roda, o ijexá e o forró do jazz, do soul e das sonoridades contemporâneas. Um concerto caloroso, próximo e cheio de energia.</p>
<p><iframe loading="lazy" title="Trío Acústico para Eventos en Barcelona | Bossa Nova &amp; Latin Jazz (Promo Teaser)" width="500" height="281" src="https://www.youtube.com/embed/TjVq0YSSteI?feature=oembed" frameborder="0" allow="accelerometer; autoplay; clipboard-write; encrypted-media; gyroscope; picture-in-picture; web-share" referrerpolicy="strict-origin-when-cross-origin" allowfullscreen></iframe></p>
