{"id":3062,"date":"2026-08-17T00:40:50","date_gmt":"2026-08-16T23:40:50","guid":{"rendered":"https:\/\/tensamba.com\/artistas-apt\/19-sep-raymond-hofler-dj-session-elements-bar\/"},"modified":"2026-08-31T20:34:44","modified_gmt":"2026-08-31T19:34:44","slug":"19-sep-raymond-hofler-dj-session-elements-bar","status":"publish","type":"artistas","link":"https:\/\/tensamba.com\/pt-br\/artistas-apt\/19-sep-raymond-hofler-dj-session-elements-bar\/","title":{"rendered":"19 SEP-RAYMOND H\u00d6FLER-DJ SESSION-ELEMENTS BAR"},"content":{"rendered":"<p class=\"isSelectedEnd\"><strong>DJ SET<\/strong><br \/>\n19 de setembro de 2026 \u00b7 20h00<br \/>\nElements Cocktail Bar, Puerto de la Cruz, Tenerife<br \/>\nEntrada gratuita<\/p>\n<p class=\"isSelectedEnd\">Raymond H\u00f6fler \u00e9 DJ, radialista e pesquisador musical de Tenerife. Sua trajet\u00f3ria no r\u00e1dio come\u00e7ou em 1999 e, atualmente, apresenta <em>La Guarida<\/em> na Radio Realejos, um programa marcado por uma vis\u00e3o pessoal e ecl\u00e9tica dos sons do passado, do presente e do futuro.<\/p>\n<p>Para este set do Festival Tensamba, apresenta uma sele\u00e7\u00e3o dedicada ao Brasil, passando pelo samba, pela bossa nova, pelo disco boogie brasileiro, pelo jazz-funk carioca e pelos ritmos afro-brasileiros. A noite tamb\u00e9m contar\u00e1 com coquetelaria e uma exposi\u00e7\u00e3o fotogr\u00e1fica.<\/p>\n","protected":false},"featured_media":3060,"template":"page-templates\/single-artista.php","class_list":["post-3062","artistas","type-artistas","status-publish","has-post-thumbnail","entry"],"_links":{"self":[{"href":"https:\/\/tensamba.com\/pt-br\/wp-json\/wp\/v2\/artistas\/3062","targetHints":{"allow":["GET"]}}],"collection":[{"href":"https:\/\/tensamba.com\/pt-br\/wp-json\/wp\/v2\/artistas"}],"about":[{"href":"https:\/\/tensamba.com\/pt-br\/wp-json\/wp\/v2\/types\/artistas"}],"wp:featuredmedia":[{"embeddable":true,"href":"https:\/\/tensamba.com\/pt-br\/wp-json\/wp\/v2\/media\/3060"}],"wp:attachment":[{"href":"https:\/\/tensamba.com\/pt-br\/wp-json\/wp\/v2\/media?parent=3062"}],"curies":[{"name":"wp","href":"https:\/\/api.w.org\/{rel}","templated":true}]}}

19 SEP-RAYMOND HÖFLER-DJ SESSION-ELEMENTS BAR

<p class="isSelectedEnd"><strong>DJ SET</strong><br />
19 de setembro de 2026 · 20h00<br />
Elements Cocktail Bar, Puerto de la Cruz, Tenerife<br />
Entrada gratuita</p>
<p class="isSelectedEnd">Raymond Höfler é DJ, radialista e pesquisador musical de Tenerife. Sua trajetória no rádio começou em 1999 e, atualmente, apresenta <em>La Guarida</em> na Radio Realejos, um programa marcado por uma visão pessoal e eclética dos sons do passado, do presente e do futuro.</p>
<p>Para este set do Festival Tensamba, apresenta uma seleção dedicada ao Brasil, passando pelo samba, pela bossa nova, pelo disco boogie brasileiro, pelo jazz-funk carioca e pelos ritmos afro-brasileiros. A noite também contará com coquetelaria e uma exposição fotográfica.</p>
