{"id":3103,"date":"2026-08-17T01:01:12","date_gmt":"2026-08-17T00:01:12","guid":{"rendered":"https:\/\/tensamba.com\/artistas-apt\/12-sep-mirla-riomar-acoustic-trio-teatro-pral-inca-mallorca\/"},"modified":"2026-08-31T23:29:44","modified_gmt":"2026-08-31T22:29:44","slug":"12-sep-mirla-riomar-acoustic-trio-teatro-pral-inca-mallorca","status":"publish","type":"artistas","link":"https:\/\/tensamba.com\/en\/artistas-apt\/12-sep-mirla-riomar-acoustic-trio-teatro-pral-inca-mallorca\/","title":{"rendered":"12 SEP-MIRLA RIOMAR ACOUSTIC TRIO-TEATRO PRAL. INCA-MALLORCA"},"content":{"rendered":"<p class=\"isSelectedEnd\">\n<p class=\"isSelectedEnd\"><strong>CONCERT<\/strong><br \/>\n12 September 2026 \u00b7 8:00 pm<br \/>\nTeatro Principal de Inca, Inca, Mallorca<br \/>\nTickets: <a href=\"https:\/\/teatreprincipalinca.com\/es\/evento\/860\/mirla-riomar-trio-festival-tensamba-2026\/\">Teatro Principal de Inca<\/a><\/p>\n<p class=\"isSelectedEnd\">Born in Salvador da Bahia and based in Barcelona, Mirla Riomar offers an Afro-Brazilian and popular vision of Brazil, far removed from clich\u00e9s. Joined by guitarist Marcel Vall\u00e8s and double bassist Tony Cruz, she brings voice and percussion to an acoustic set connecting samba de roda, ijex\u00e1 and forr\u00f3 with jazz, soul and contemporary sounds. A warm, intimate and vibrant concert.<\/p>\n<p><iframe loading=\"lazy\" title=\"Tr\u00edo Ac\u00fastico para Eventos en Barcelona | Bossa Nova &amp; Latin Jazz (Promo Teaser)\" width=\"500\" height=\"281\" src=\"https:\/\/www.youtube.com\/embed\/TjVq0YSSteI?feature=oembed\" frameborder=\"0\" allow=\"accelerometer; autoplay; clipboard-write; encrypted-media; gyroscope; picture-in-picture; web-share\" referrerpolicy=\"strict-origin-when-cross-origin\" allowfullscreen><\/iframe><\/p>\n","protected":false},"featured_media":3101,"template":"page-templates\/single-artista.php","class_list":["post-3103","artistas","type-artistas","status-publish","has-post-thumbnail","entry"],"_links":{"self":[{"href":"https:\/\/tensamba.com\/en\/wp-json\/wp\/v2\/artistas\/3103","targetHints":{"allow":["GET"]}}],"collection":[{"href":"https:\/\/tensamba.com\/en\/wp-json\/wp\/v2\/artistas"}],"about":[{"href":"https:\/\/tensamba.com\/en\/wp-json\/wp\/v2\/types\/artistas"}],"wp:featuredmedia":[{"embeddable":true,"href":"https:\/\/tensamba.com\/en\/wp-json\/wp\/v2\/media\/3101"}],"wp:attachment":[{"href":"https:\/\/tensamba.com\/en\/wp-json\/wp\/v2\/media?parent=3103"}],"curies":[{"name":"wp","href":"https:\/\/api.w.org\/{rel}","templated":true}]}}

<p class="isSelectedEnd">
<p class="isSelectedEnd"><strong>CONCERT</strong><br />
12 September 2026 · 8:00 pm<br />
Teatro Principal de Inca, Inca, Mallorca<br />
Tickets: <a href="https://teatreprincipalinca.com/es/evento/860/mirla-riomar-trio-festival-tensamba-2026/">Teatro Principal de Inca</a></p>
<p class="isSelectedEnd">Born in Salvador da Bahia and based in Barcelona, Mirla Riomar offers an Afro-Brazilian and popular vision of Brazil, far removed from clichés. Joined by guitarist Marcel Vallès and double bassist Tony Cruz, she brings voice and percussion to an acoustic set connecting samba de roda, ijexá and forró with jazz, soul and contemporary sounds. A warm, intimate and vibrant concert.</p>
<p><iframe loading="lazy" title="Trío Acústico para Eventos en Barcelona | Bossa Nova &amp; Latin Jazz (Promo Teaser)" width="500" height="281" src="https://www.youtube.com/embed/TjVq0YSSteI?feature=oembed" frameborder="0" allow="accelerometer; autoplay; clipboard-write; encrypted-media; gyroscope; picture-in-picture; web-share" referrerpolicy="strict-origin-when-cross-origin" allowfullscreen></iframe></p>
